{"id":79,"date":"2024-04-02T09:04:41","date_gmt":"2024-04-02T07:04:41","guid":{"rendered":"https:\/\/www.budo-bruxelles.be\/?page_id=79"},"modified":"2024-04-02T09:04:41","modified_gmt":"2024-04-02T07:04:41","slug":"un-cours-specifique-a-cette-tranche-dage","status":"publish","type":"page","link":"https:\/\/www.budo-bruxelles.be\/index.php\/un-cours-specifique-a-cette-tranche-dage\/","title":{"rendered":"Un cours sp\u00e9cifique \u00e0 cette tranche d&rsquo;\u00e2ge"},"content":{"rendered":"\n<figure class=\"wp-block-gallery has-nested-images columns-default is-cropped wp-block-gallery-1 is-layout-flex wp-block-gallery-is-layout-flex\">\n<figure class=\"wp-block-image size-large\"><img loading=\"lazy\" decoding=\"async\" width=\"1024\" height=\"478\" data-id=\"85\" src=\"https:\/\/www.budo-bruxelles.be\/wp-content\/uploads\/2024\/04\/20220514_123937-1024x478.jpg\" alt=\"\" class=\"wp-image-85\" srcset=\"https:\/\/www.budo-bruxelles.be\/wp-content\/uploads\/2024\/04\/20220514_123937-1024x478.jpg 1024w, https:\/\/www.budo-bruxelles.be\/wp-content\/uploads\/2024\/04\/20220514_123937-300x140.jpg 300w, https:\/\/www.budo-bruxelles.be\/wp-content\/uploads\/2024\/04\/20220514_123937-768x359.jpg 768w, https:\/\/www.budo-bruxelles.be\/wp-content\/uploads\/2024\/04\/20220514_123937-1536x717.jpg 1536w, https:\/\/www.budo-bruxelles.be\/wp-content\/uploads\/2024\/04\/20220514_123937-2048x956.jpg 2048w\" sizes=\"auto, (max-width: 1024px) 100vw, 1024px\" \/><\/figure>\n\n\n\n<figure class=\"wp-block-image size-large\"><img loading=\"lazy\" decoding=\"async\" width=\"478\" height=\"1024\" data-id=\"83\" src=\"https:\/\/www.budo-bruxelles.be\/wp-content\/uploads\/2024\/04\/20220223_170115-478x1024.jpg\" alt=\"\" class=\"wp-image-83\" srcset=\"https:\/\/www.budo-bruxelles.be\/wp-content\/uploads\/2024\/04\/20220223_170115-478x1024.jpg 478w, https:\/\/www.budo-bruxelles.be\/wp-content\/uploads\/2024\/04\/20220223_170115-140x300.jpg 140w, https:\/\/www.budo-bruxelles.be\/wp-content\/uploads\/2024\/04\/20220223_170115-768x1645.jpg 768w, https:\/\/www.budo-bruxelles.be\/wp-content\/uploads\/2024\/04\/20220223_170115-717x1536.jpg 717w, https:\/\/www.budo-bruxelles.be\/wp-content\/uploads\/2024\/04\/20220223_170115-956x2048.jpg 956w, https:\/\/www.budo-bruxelles.be\/wp-content\/uploads\/2024\/04\/20220223_170115-scaled.jpg 1196w\" sizes=\"auto, (max-width: 478px) 100vw, 478px\" \/><\/figure>\n\n\n\n<figure class=\"wp-block-image size-large\"><img loading=\"lazy\" decoding=\"async\" width=\"1024\" height=\"478\" data-id=\"82\" src=\"https:\/\/www.budo-bruxelles.be\/wp-content\/uploads\/2024\/04\/20231206_180302-1024x478.jpg\" alt=\"\" class=\"wp-image-82\" srcset=\"https:\/\/www.budo-bruxelles.be\/wp-content\/uploads\/2024\/04\/20231206_180302-1024x478.jpg 1024w, https:\/\/www.budo-bruxelles.be\/wp-content\/uploads\/2024\/04\/20231206_180302-300x140.jpg 300w, https:\/\/www.budo-bruxelles.be\/wp-content\/uploads\/2024\/04\/20231206_180302-768x359.jpg 768w, https:\/\/www.budo-bruxelles.be\/wp-content\/uploads\/2024\/04\/20231206_180302-1536x717.jpg 1536w, https:\/\/www.budo-bruxelles.be\/wp-content\/uploads\/2024\/04\/20231206_180302-2048x956.jpg 2048w\" sizes=\"auto, (max-width: 1024px) 100vw, 1024px\" \/><\/figure>\n\n\n\n<figure class=\"wp-block-image size-large\"><img loading=\"lazy\" decoding=\"async\" width=\"1024\" height=\"478\" data-id=\"81\" src=\"https:\/\/www.budo-bruxelles.be\/wp-content\/uploads\/2024\/04\/20230111_181249-1024x478.jpg\" alt=\"\" class=\"wp-image-81\" srcset=\"https:\/\/www.budo-bruxelles.be\/wp-content\/uploads\/2024\/04\/20230111_181249-1024x478.jpg 1024w, https:\/\/www.budo-bruxelles.be\/wp-content\/uploads\/2024\/04\/20230111_181249-300x140.jpg 300w, https:\/\/www.budo-bruxelles.be\/wp-content\/uploads\/2024\/04\/20230111_181249-768x359.jpg 768w, https:\/\/www.budo-bruxelles.be\/wp-content\/uploads\/2024\/04\/20230111_181249-1536x717.jpg 1536w, https:\/\/www.budo-bruxelles.be\/wp-content\/uploads\/2024\/04\/20230111_181249-2048x956.jpg 2048w\" sizes=\"auto, (max-width: 1024px) 100vw, 1024px\" \/><\/figure>\n\n\n\n<figure class=\"wp-block-image size-large\"><img loading=\"lazy\" decoding=\"async\" width=\"1024\" height=\"478\" data-id=\"80\" src=\"https:\/\/www.budo-bruxelles.be\/wp-content\/uploads\/2024\/04\/20230111_180635-1024x478.jpg\" alt=\"\" class=\"wp-image-80\" srcset=\"https:\/\/www.budo-bruxelles.be\/wp-content\/uploads\/2024\/04\/20230111_180635-1024x478.jpg 1024w, https:\/\/www.budo-bruxelles.be\/wp-content\/uploads\/2024\/04\/20230111_180635-300x140.jpg 300w, https:\/\/www.budo-bruxelles.be\/wp-content\/uploads\/2024\/04\/20230111_180635-768x359.jpg 768w, https:\/\/www.budo-bruxelles.be\/wp-content\/uploads\/2024\/04\/20230111_180635-1536x717.jpg 1536w, https:\/\/www.budo-bruxelles.be\/wp-content\/uploads\/2024\/04\/20230111_180635-2048x956.jpg 2048w\" sizes=\"auto, (max-width: 1024px) 100vw, 1024px\" \/><\/figure>\n<\/figure>\n\n\n\n<p>Le cours de psychomotricit\u00e9 pr\u00e9parant au judo est ax\u00e9 sur le travail de lat\u00e9ralisation, de structuration dans l&rsquo;espace, de coordination des mouvements,&#8230; de d\u00e9veloppement de l&rsquo;enfant dans un contexte adapt\u00e9 \u00e0 ses facult\u00e9s par rapport \u00e0 son \u00e2ge et ses besoins ludiques.<\/p>\n\n\n\n<h3 class=\"wp-block-heading\">Professeurs\u00a0<\/h3>\n\n\n\n<ul class=\"wp-block-list\">\n<li>\u00a0Olivia Vanderniepen, Nathan Clavie et Sullivan Fran\u00e7ois<\/li>\n<\/ul>\n\n\n\n<h3 class=\"wp-block-heading\">Horaire<\/h3>\n\n\n\n<figure class=\"wp-block-table\"><table><tbody><tr><th>&nbsp;<\/th><th><strong>MERCREDI<\/strong><\/th><th><strong>SAMEDI<\/strong><\/th><\/tr><tr><td>3 \u00e0 5 ans<\/td><td>Psychomotricit\u00e9<br>17H45 \u00e0 18H30<\/td><td>&nbsp;<\/td><\/tr><tr><td>6 \u00e0 8 ans<\/td><td>Psychomotricit\u00e9<br>16H30 \u00e0 17H30<\/td><td>Psychomotricit\u00e9<br>11H00 \u00e0 12H00<\/td><\/tr><\/tbody><\/table><\/figure>\n\n\n\n<hr class=\"wp-block-separator has-alpha-channel-opacity\"\/>\n\n\n\n<h3 class=\"wp-block-heading\">Demande d&rsquo;informations<\/h3>\n\n\n\n<p>Marc Pagnoulle \u2013 Pascale Dedecker<br><strong>T\u00e9l\u00e9phone : 02\/478.32.65 \u2013 0498.68.16.65<\/strong><br>50 Rue Emile Wauters 1020 Bruxelles (Atomium)<br><strong>Messagerie \u00e9lectronique<\/strong>\u00a0:\u00a0<a href=\"mailto:info@budo-bruxelles.be\">info@budo-bruxelles.be<\/a><\/p>\n","protected":false},"excerpt":{"rendered":"<p>Le cours de psychomotricit\u00e9 pr\u00e9parant au judo est ax\u00e9 sur le travail de lat\u00e9ralisation, de structuration dans l&rsquo;espace, de coordination des mouvements,&#8230; de d\u00e9veloppement de l&rsquo;enfant dans un contexte adapt\u00e9 \u00e0 ses facult\u00e9s par rapport \u00e0 son \u00e2ge et ses besoins ludiques. Professeurs\u00a0 Horaire &nbsp; MERCREDI SAMEDI 3 \u00e0 5 ans Psychomotricit\u00e917H45 \u00e0 18H30 &nbsp; [&hellip;]<\/p>\n","protected":false},"author":1,"featured_media":0,"parent":0,"menu_order":0,"comment_status":"closed","ping_status":"closed","template":"","meta":{"footnotes":""},"class_list":["post-79","page","type-page","status-publish","hentry"],"_links":{"self":[{"href":"https:\/\/www.budo-bruxelles.be\/index.php\/wp-json\/wp\/v2\/pages\/79","targetHints":{"allow":["GET"]}}],"collection":[{"href":"https:\/\/www.budo-bruxelles.be\/index.php\/wp-json\/wp\/v2\/pages"}],"about":[{"href":"https:\/\/www.budo-bruxelles.be\/index.php\/wp-json\/wp\/v2\/types\/page"}],"author":[{"embeddable":true,"href":"https:\/\/www.budo-bruxelles.be\/index.php\/wp-json\/wp\/v2\/users\/1"}],"replies":[{"embeddable":true,"href":"https:\/\/www.budo-bruxelles.be\/index.php\/wp-json\/wp\/v2\/comments?post=79"}],"version-history":[{"count":1,"href":"https:\/\/www.budo-bruxelles.be\/index.php\/wp-json\/wp\/v2\/pages\/79\/revisions"}],"predecessor-version":[{"id":87,"href":"https:\/\/www.budo-bruxelles.be\/index.php\/wp-json\/wp\/v2\/pages\/79\/revisions\/87"}],"wp:attachment":[{"href":"https:\/\/www.budo-bruxelles.be\/index.php\/wp-json\/wp\/v2\/media?parent=79"}],"curies":[{"name":"wp","href":"https:\/\/api.w.org\/{rel}","templated":true}]}}

Un cours spécifique à cette tranche d&rsquo;âge

<figure class="wp-block-gallery has-nested-images columns-default is-cropped wp-block-gallery-1 is-layout-flex wp-block-gallery-is-layout-flex">
<figure class="wp-block-image size-large"><img loading="lazy" decoding="async" width="1024" height="478" data-id="85" src="https://www.budo-bruxelles.be/wp-content/uploads/2024/04/20220514_123937-1024x478.jpg" alt="" class="wp-image-85" srcset="https://www.budo-bruxelles.be/wp-content/uploads/2024/04/20220514_123937-1024x478.jpg 1024w, https://www.budo-bruxelles.be/wp-content/uploads/2024/04/20220514_123937-300x140.jpg 300w, https://www.budo-bruxelles.be/wp-content/uploads/2024/04/20220514_123937-768x359.jpg 768w, https://www.budo-bruxelles.be/wp-content/uploads/2024/04/20220514_123937-1536x717.jpg 1536w, https://www.budo-bruxelles.be/wp-content/uploads/2024/04/20220514_123937-2048x956.jpg 2048w" sizes="auto, (max-width: 1024px) 100vw, 1024px" /></figure>



<figure class="wp-block-image size-large"><img loading="lazy" decoding="async" width="478" height="1024" data-id="83" src="https://www.budo-bruxelles.be/wp-content/uploads/2024/04/20220223_170115-478x1024.jpg" alt="" class="wp-image-83" srcset="https://www.budo-bruxelles.be/wp-content/uploads/2024/04/20220223_170115-478x1024.jpg 478w, https://www.budo-bruxelles.be/wp-content/uploads/2024/04/20220223_170115-140x300.jpg 140w, https://www.budo-bruxelles.be/wp-content/uploads/2024/04/20220223_170115-768x1645.jpg 768w, https://www.budo-bruxelles.be/wp-content/uploads/2024/04/20220223_170115-717x1536.jpg 717w, https://www.budo-bruxelles.be/wp-content/uploads/2024/04/20220223_170115-956x2048.jpg 956w, https://www.budo-bruxelles.be/wp-content/uploads/2024/04/20220223_170115-scaled.jpg 1196w" sizes="auto, (max-width: 478px) 100vw, 478px" /></figure>



<figure class="wp-block-image size-large"><img loading="lazy" decoding="async" width="1024" height="478" data-id="82" src="https://www.budo-bruxelles.be/wp-content/uploads/2024/04/20231206_180302-1024x478.jpg" alt="" class="wp-image-82" srcset="https://www.budo-bruxelles.be/wp-content/uploads/2024/04/20231206_180302-1024x478.jpg 1024w, https://www.budo-bruxelles.be/wp-content/uploads/2024/04/20231206_180302-300x140.jpg 300w, https://www.budo-bruxelles.be/wp-content/uploads/2024/04/20231206_180302-768x359.jpg 768w, https://www.budo-bruxelles.be/wp-content/uploads/2024/04/20231206_180302-1536x717.jpg 1536w, https://www.budo-bruxelles.be/wp-content/uploads/2024/04/20231206_180302-2048x956.jpg 2048w" sizes="auto, (max-width: 1024px) 100vw, 1024px" /></figure>



<figure class="wp-block-image size-large"><img loading="lazy" decoding="async" width="1024" height="478" data-id="81" src="https://www.budo-bruxelles.be/wp-content/uploads/2024/04/20230111_181249-1024x478.jpg" alt="" class="wp-image-81" srcset="https://www.budo-bruxelles.be/wp-content/uploads/2024/04/20230111_181249-1024x478.jpg 1024w, https://www.budo-bruxelles.be/wp-content/uploads/2024/04/20230111_181249-300x140.jpg 300w, https://www.budo-bruxelles.be/wp-content/uploads/2024/04/20230111_181249-768x359.jpg 768w, https://www.budo-bruxelles.be/wp-content/uploads/2024/04/20230111_181249-1536x717.jpg 1536w, https://www.budo-bruxelles.be/wp-content/uploads/2024/04/20230111_181249-2048x956.jpg 2048w" sizes="auto, (max-width: 1024px) 100vw, 1024px" /></figure>



<figure class="wp-block-image size-large"><img loading="lazy" decoding="async" width="1024" height="478" data-id="80" src="https://www.budo-bruxelles.be/wp-content/uploads/2024/04/20230111_180635-1024x478.jpg" alt="" class="wp-image-80" srcset="https://www.budo-bruxelles.be/wp-content/uploads/2024/04/20230111_180635-1024x478.jpg 1024w, https://www.budo-bruxelles.be/wp-content/uploads/2024/04/20230111_180635-300x140.jpg 300w, https://www.budo-bruxelles.be/wp-content/uploads/2024/04/20230111_180635-768x359.jpg 768w, https://www.budo-bruxelles.be/wp-content/uploads/2024/04/20230111_180635-1536x717.jpg 1536w, https://www.budo-bruxelles.be/wp-content/uploads/2024/04/20230111_180635-2048x956.jpg 2048w" sizes="auto, (max-width: 1024px) 100vw, 1024px" /></figure>
</figure>



<p>Le cours de psychomotricité préparant au judo est axé sur le travail de latéralisation, de structuration dans l&rsquo;espace, de coordination des mouvements,&#8230; de développement de l&rsquo;enfant dans un contexte adapté à ses facultés par rapport à son âge et ses besoins ludiques.</p>



<h3 class="wp-block-heading">Professeurs </h3>



<ul class="wp-block-list">
<li> Olivia Vanderniepen, Nathan Clavie et Sullivan François</li>
</ul>



<h3 class="wp-block-heading">Horaire</h3>



<figure class="wp-block-table"><table><tbody><tr><th>&nbsp;</th><th><strong>MERCREDI</strong></th><th><strong>SAMEDI</strong></th></tr><tr><td>3 à 5 ans</td><td>Psychomotricité<br>17H45 à 18H30</td><td>&nbsp;</td></tr><tr><td>6 à 8 ans</td><td>Psychomotricité<br>16H30 à 17H30</td><td>Psychomotricité<br>11H00 à 12H00</td></tr></tbody></table></figure>



<hr class="wp-block-separator has-alpha-channel-opacity"/>



<h3 class="wp-block-heading">Demande d&rsquo;informations</h3>



<p>Marc Pagnoulle – Pascale Dedecker<br><strong>Téléphone : 02/478.32.65 – 0498.68.16.65</strong><br>50 Rue Emile Wauters 1020 Bruxelles (Atomium)<br><strong>Messagerie électronique</strong> : <a href="mailto:info@budo-bruxelles.be">info@budo-bruxelles.be</a></p>

<p>Le cours de psychomotricité préparant au judo est axé sur le travail de latéralisation, de structuration dans l&rsquo;espace, de coordination des mouvements,&#8230; de développement de l&rsquo;enfant dans un contexte adapté à ses facultés par rapport à son âge et ses besoins ludiques. Professeurs  Horaire &nbsp; MERCREDI SAMEDI 3 à 5 ans Psychomotricité17H45 à 18H30 &nbsp; [&hellip;]</p>
