{"id":157,"date":"2024-04-15T17:31:57","date_gmt":"2024-04-15T15:31:57","guid":{"rendered":"https:\/\/www.budo-bruxelles.be\/?page_id=157"},"modified":"2025-09-24T20:16:41","modified_gmt":"2025-09-24T18:16:41","slug":"nos-activites","status":"publish","type":"page","link":"https:\/\/www.budo-bruxelles.be\/index.php\/nos-activites\/","title":{"rendered":"Nos activit\u00e9s"},"content":{"rendered":"\n<p>Tous nos horaires en un coup d\u2019\u0153il :<\/p>\n\n\n\n<figure class=\"wp-block-table\"><table><tbody><tr><td><\/td><td><\/td><td>Lundi<\/td><td>Mardi<\/td><td>Mercredi<\/td><td>Jeudi<\/td><td>Vendredi<\/td><td>Samedi<\/td><\/tr><tr><td><strong>JUDO<\/strong><br>T\u00e9l 02\/478.32.65 \u2013 0498\/68.16.65<\/td><td>8 \u00e0 13 ans<\/td><td><\/td><td><\/td><td>17H30 \u00e0 18H45<\/td><td><\/td><td>17H30 \u00e0 18H45<\/td><td>9H30 \u00e0<br>&nbsp;10H45<\/td><\/tr><tr><td><\/td><td>+ de 13 ans<\/td><td><\/td><td><\/td><td>19H00 \u00e0 20H30<\/td><td><\/td><td>19H00 \u00e0 20H30<\/td><td><\/td><\/tr><tr><td><strong>PSYCHOMOTRICITE<br>JUDO<\/strong><\/td><td>3 \u00e0 5 ans<\/td><td><\/td><td><\/td><td>17H45 \u00e0 18H30<\/td><td><\/td><td><\/td><td><\/td><\/tr><tr><td><\/td><td>6 \u00e0 8 ans<\/td><td><\/td><td><\/td><td>16H30 \u00e0 17H30<\/td><td><\/td><td><\/td><td>11H00 \u00e0 12H00<\/td><\/tr><tr><td><strong>PREPARATION PHYSIQUE \u2013 JUDO<\/strong><\/td><td><\/td><td><\/td><td>19H30 \u00e0 20H30<\/td><td><\/td><td><\/td><td><\/td><td><\/td><\/tr><tr><td><strong>JIU-JITSU<\/strong><br>Ga\u00ebtan : T\u00e9l 0474.79.30.71<\/td><td>6 \u00e0 12 ans<\/td><td><\/td><td>17H30 \u00e0 19H00<\/td><td><\/td><td><\/td><td>17H30 \u00e0 19H00<\/td><td><\/td><\/tr><tr><td><\/td><td>+ de 12 ans<\/td><td><\/td><td>20H00 \u00e0 22H00<\/td><td><\/td><td><\/td><td>20H00 \u00e0 22H00<\/td><td><\/td><\/tr><tr><td><strong>AIKIDO<\/strong><br>Ronald : T\u00e9l 0499.39.83.30<\/td><td>+ de 14 ans<\/td><td><\/td><td><\/td><td><\/td><td><\/td><td><\/td><td>9H30 \u00e0<br>&nbsp;11H30<\/td><\/tr><tr><td><strong>KEMPO self defense<\/strong><br>Pipo : T\u00e9l 0478.22.34.00<\/td><td>+ de 14 ans<\/td><td><\/td><td>18H00 \u00e0 19H30<\/td><td><\/td><td>18H30 \u00e0 20H00<\/td><td><\/td><td><\/td><\/tr><tr><td><strong>KARATE CLUB WINNERS<\/strong><br>Antonios : T\u00e9l 0487.27.68.68<\/td><td>5 \u00e0 8 ans<\/td><td>18H00 \u00e0 19H00<\/td><td><\/td><td><\/td><td>18H00 \u00e0 19H00<\/td><td><\/td><td>12H30 \u00e0 13H30<\/td><\/tr><tr><td><\/td><td>+ de 8 ans<\/td><td>19H00 \u00e0 20H00<\/td><td><\/td><td><\/td><td>19H00 \u00e0 20H00<\/td><td><\/td><td>13H30 \u00e0 14H30<\/td><\/tr><tr><td><strong>KARATE KYOKUSHIN<\/strong><br>Iraneusz : T\u00e9l 0487.28.75.85<\/td><td>+ de 15 ans<\/td><td>20H00 \u00e0 21H30<\/td><td><\/td><td><\/td><td>20H00 \u00e0 21H30<\/td><td><\/td><td><\/td><\/tr><tr><td><strong>KRAV MAGA<\/strong><br>Piotr : T\u00e9l 0484.10.53.61<\/td><td>+ de 15 ans<\/td><td>20H15 \u00e0 21H45<\/td><td><\/td><td><\/td><td>20H15 \u00e0 21H45<\/td><td><\/td><td><\/td><\/tr><\/tbody><\/table><\/figure>\n","protected":false},"excerpt":{"rendered":"<p>Tous nos horaires en un coup d\u2019\u0153il : Lundi Mardi Mercredi Jeudi Vendredi Samedi JUDOT\u00e9l 02\/478.32.65 \u2013 0498\/68.16.65 8 \u00e0 13 ans 17H30 \u00e0 18H45 17H30 \u00e0 18H45 9H30 \u00e0&nbsp;10H45 + de 13 ans 19H00 \u00e0 20H30 19H00 \u00e0 20H30 PSYCHOMOTRICITEJUDO 3 \u00e0 5 ans 17H45 \u00e0 18H30 6 \u00e0 8 ans 16H30 \u00e0 17H30 [&hellip;]<\/p>\n","protected":false},"author":1,"featured_media":0,"parent":0,"menu_order":0,"comment_status":"closed","ping_status":"closed","template":"","meta":{"footnotes":""},"class_list":["post-157","page","type-page","status-publish","hentry"],"_links":{"self":[{"href":"https:\/\/www.budo-bruxelles.be\/index.php\/wp-json\/wp\/v2\/pages\/157","targetHints":{"allow":["GET"]}}],"collection":[{"href":"https:\/\/www.budo-bruxelles.be\/index.php\/wp-json\/wp\/v2\/pages"}],"about":[{"href":"https:\/\/www.budo-bruxelles.be\/index.php\/wp-json\/wp\/v2\/types\/page"}],"author":[{"embeddable":true,"href":"https:\/\/www.budo-bruxelles.be\/index.php\/wp-json\/wp\/v2\/users\/1"}],"replies":[{"embeddable":true,"href":"https:\/\/www.budo-bruxelles.be\/index.php\/wp-json\/wp\/v2\/comments?post=157"}],"version-history":[{"count":7,"href":"https:\/\/www.budo-bruxelles.be\/index.php\/wp-json\/wp\/v2\/pages\/157\/revisions"}],"predecessor-version":[{"id":379,"href":"https:\/\/www.budo-bruxelles.be\/index.php\/wp-json\/wp\/v2\/pages\/157\/revisions\/379"}],"wp:attachment":[{"href":"https:\/\/www.budo-bruxelles.be\/index.php\/wp-json\/wp\/v2\/media?parent=157"}],"curies":[{"name":"wp","href":"https:\/\/api.w.org\/{rel}","templated":true}]}}